or of 480 and t?
30
Suppose 33*g - 106 = 125. Suppose -30 = -3*t - 9. Calculate the highest common divisor of g and t.
7
Let w = -461 - -175. Let p be 62/(-14) - -4 - w/14. Let l(s) = 46*s + 2. Let f be l(3). What is the greatest common factor of p and f?
20
Suppose 33*i + 165 = 48*i. Calculate the highest common divisor of 1727 and i.
11
Suppose p = -63 + 73. Let f(n) be the third derivative of 7*n**5/60 - n**4/6 - n**3/6 + n**2. Let h be f(3). What is the greatest common divisor of p and h?
10
Suppose d - 16 = -0*d - 4*k, 0 = -3*d - 3*k + 39. Let f(n) = n**3 - 12*n**2 + 2*n - 12. Let x be f(d). Calculate the highest common divisor of 48 and x.
12
Suppose 936 = 25*z - 12*z. Calculate the highest common divisor of 792 and z.
72
Let l = -1072 + 1097. Calculate the greatest common factor of l and 20.
5
Suppose h = -2*h - 4*m + 26, 4*h - 40 = -4*m. Let b be (-9)/21 - 3*(-380)/h. What is the highest common factor of b and 9?
9
Suppose 9*d = 4*d + 105. What is the highest common divisor of d and 49?
7
Suppose -2*m - 16 = 4*l, -4*m - 4*l - 16 = -0*l. Let g = 15 - m. What is the highest common factor of 5 and g?
5
Let f(n) = n**3 - 6*n**2 - 9*n + 7. Let w be f(7). Let d = -2 - w. Suppose 3*a + 2 = d*a. Calculate the highest common divisor of 11 and a.
1
Suppose -18*u - 18 = -21*u. Suppose -9*z = -u*z - 279. What is the highest common factor of z and 62?
31
Suppose -t = 3*y - 99, 141 + 28 = 5*y + 3*t. Let i be (3 - -1*15)*y/6. Calculate the greatest common divisor of 16 and i.
16
Let c(z) = -5*z - 1. Let s be c(-5). Let q be (-2)/3 - (-23)/3. Let p = 1 + q. What is the highest common divisor of p and s?
8
Suppose 97*s - 90*s - 8722 = 0. What is the highest common factor of 42 and s?
14
Let f = -124 - -151. Let q = 17 - 8. Calculate the highest common divisor of q and f.
9
Suppose 0*w - 3*t - 2 = w, -w + 3*t + 10 = 0. Suppose w*f - 226 = 158. What is the greatest common factor of f and 12?
12
Let o(m) = 12*m + 2. Let l = -3 - -1. Let a be o(l). Let b = a - -36. Calculate the highest common divisor of 56 and b.
14
Let q = 1073 - 1051. What is the greatest common factor of q and 2662?
22
Let x = -110 - -245. What is the greatest common divisor of 45 and x?
45
Let m(b) = -11*b + 81. Let u be m(-22). Calculate the highest common factor of u and 17.
17
Let k(o) = -108*o**2 + o - 1. Let a be k(1). Let u = a - -225. Let p(n) = 13*n**2 + n - 1. Let h be p(1). What is the highest common factor of h and u?
13
Let o(x) = 2*x**2 - 16*x - 52. Let g be o(21). What is the highest common factor of 114 and g?
38
Suppose 43 = 5*y - 47. Suppose -2*l = -b + 4, -4*l - b = 6 - 4. Let x be (l - 4/8)*12/(-2). What is the greatest common divisor of y and x?
9
Suppose 590*m + 12 = 593*m. What is the greatest common divisor of 108 and m?
4
Let n(s) = -17*s - 28. Let a be n(-8). Let l be 4/4 - (1 - a). Let f = -8 - -20. What is the greatest common divisor of l and f?
12
Suppose 18*b - 2033 = -575. Suppose -5*w = 3*y - 254, -42 - 200 = -5*w + y. Let d = b - w. Calculate the greatest common divisor of 64 and d.
32
Let r(l) = l**3 + 7*l**2 + 3*l + 9. Let z be r(-7). Let n be 3/(-2)*32/z. Suppose -n + 5 = x. What is the greatest common factor of x and 5?
1
Suppose d + 7 = 2*i - 13, 0 = 5*i - 2*d - 52. Let o be (-60)/(-1) - 0/2. What is the highest common divisor of i and o?
12
Let a(n) = -3*n**2 + 46*n - 32. Let z(s) = 2*s**2 - 47*s + 33. Let r(f) = 4*a(f) + 5*z(f). Let j be r(-26). What is the highest common factor of 121 and j?
11
Suppose -104*c - 336 = -112*c. What is the highest common factor of 462 and c?
42
Let n = -332 - -466. Calculate the greatest common divisor of n and 201.
67
Suppose 0 = -3*u - 15, 4*f = 8*f - 4*u - 36. Suppose 0 = -h - f*c - 6, -4*c + 23 = 2*h - 3*c. What is the greatest common divisor of h and 98?
14
Let r(o) = 5*o**3 - 2*o - 2*o**2 - 3*o**3 - 7*o**3. Let n be r(-2). Suppose -3*c = -0*c - 162. What is the greatest common divisor of n and c?
18
Suppose 0 = 3*s - 4 + 49. Let u = 19 + s. Let z be -1*-51*u/3. What is the greatest common factor of z and 17?
17
Let d(c) be the first derivative of -c**4/4 + c**3 + 3*c**2/2 - 3*c + 9. Let v be d(3). Calculate the greatest common factor of v and 102.
6
Let i be (1/(3/(-88)))/(6/27). Let w = -106 - i. What is the greatest common divisor of w and 13?
13
Let s = -2382 - -2437. What is the highest common factor of s and 583?
11
Let a = 604 + -574. What is the highest common divisor of 75 and a?
15
Let v(b) = -b**2 + 5*b + 3. Let n be v(4). Let f(i) = i**2 - 5*i - 5. Let x be f(n). Calculate the greatest common divisor of 9 and x.
9
Let c(z) = -z**3 - 25*z**2 - 26*z - 33. Let s be c(-24). Calculate the greatest common divisor of s and 45.
15
Suppose 3*l = -205 + 673. Let a = -149 + l. Let q = 56 - 21. What is the highest common divisor of q and a?
7
Let c = 228 + -129. Suppose 4*b + 24 = 4*k, 4*b - 57 = -6*k + k. Calculate the highest common divisor of k and c.
9
Let y(z) = -z**2 + 17*z - 30. Let j be y(14). Suppose 5*k = 3*k + 6. Suppose -6 = 3*o, -k*o = -2*l - 0*o + 18. What is the greatest common divisor of l and j?
6
Suppose 5*k - o - 40 = o, 4*o = 20. Let m(a) = -a - 3. Let n be m(-2). Let u be 19*(3 + n) - -2. Calculate the greatest common factor of k and u.
10
Let b(m) = -32*m + 420. Let r be b(13). What is the highest common divisor of r and 92?
4
Suppose 4*i + v = 3, 2*i - 7 = -4*v - 23. What is the highest common divisor of 3 and i?
1
Suppose -2*m - j + 9 = 0, 6 = m + 3*m - 2*j. Suppose 5*g - 37 = 8. Suppose -2*w + g = w. What is the greatest common divisor of w and m?
3
Suppose 7*p + 5 = 12. Let m be ((-88)/24)/(p/(-12)). Let g be (20 + 2)/((-4)/(-2)). What is the greatest common factor of m and g?
11
Let r = 146 + -114. Calculate the highest common divisor of 4 and r.
4
Let n(k) = -k**3 + 7*k**2 - 7*k + 1. Let q be n(5). Let g be 2 + 125/2 + (-18)/36. What is the greatest common factor of q and g?
16
Suppose 0 = 5*y + 5, y - 21 - 20 = -3*t. Suppose -t - 58 = -4*w. Let z be 3995/425 - (-4)/(-10). What is the highest common factor of z and w?
9
Let y(z) = z**2 - 14*z - 45. Let j be y(-6). Let r = 3 + -1. Suppose r*s - 52 = -4*h, 126 = 5*h - 3*s + 39. What is the greatest common factor of j and h?
15
Let k be 5*6/((-150)/(-805)). What is the greatest common divisor of 23 and k?
23
Let x(k) be the first derivative of k**3/3 + 21*k + 3. Let v be x(0). Let m = 27 - v. Calculate the greatest common divisor of 54 and m.
6
Suppose -2*w + 26 = i + w, -5*w - 63 = -2*i. Calculate the highest common divisor of i and 232.
29
Let d be (3/(-4))/((-8)/32). Suppose -3*r + 0*s + 23 = -s, -2*s = r - 17. Suppose 5*c - r - 1 = 0. Calculate the greatest common divisor of d and c.
1
Suppose 4*h - 2*c - 106 = 0, 4*h - 2*c - 58 = 2*h. Calculate the highest common factor of 132 and h.
12
Suppose t + 24 = 9*t. Let a(w) = w**2 - 4*w - 6. Let r be a(6). Calculate the greatest common factor of t and r.
3
Suppose t + h + 101 = 5*t, 2*h + 58 = 2*t. Calculate the highest common factor of 6 and t.
6
Let c = -3 - -5. Suppose 4*h - 4*k = 8*h + 8, -5*k + 2 = c*h. Let s(n) = -6*n. Let p be s(h). What is the greatest common factor of 192 and p?
24
Let c(y) = -4*y - 40. Let w be c(-15). Suppose 0 = -4*i + 4*b + b + 70, 3*b + 21 = i. What is the greatest common divisor of w and i?
5
Let g = 792 - -62. What is the greatest common divisor of 28 and g?
14
Suppose -3*s - 74 + 425 = 0. Suppose -t = -s - 8. Suppose -13*w + 140 = -185. What is the highest common factor of t and w?
25
Let s(m) = 2*m + 94. Let w be s(-25). Calculate the greatest common factor of w and 33.
11
Let v(f) = 8*f**2 + 68*f + 68. Let r be v(-1). What is the greatest common factor of r and 328?
8
Suppose 4*a = 3*y - 13, 2*y + 4 = -a + 9. Suppose y*m + 12 = 7*m. Let g(f) = 3*f. Let q be g(2). What is the greatest common factor of m and q?
3
Let j be 1/((-7)/42) - -144. What is the highest common factor of j and 92?
46
Let c(x) = x**2 + 14*x + 66. Let o be c(-9). What is the highest common factor of o and 168?
21
Let h be (-2)/(-7) + (-17)/(595/(-1950)). Suppose 8 + h = 2*z. Calculate the greatest common factor of 4 and z.
4
Let f(l) = 11*l**3 - 4*l**2 + 4*l - 3. Suppose 3*h = 2 + 7. Let q be f(h). Suppose -x + q = 2*x. What is the greatest common divisor of 36 and x?
18
Let i 